rs of 18552.
2, 3, 773
List the prime factors of 7184.
2, 449
What are the prime factors of 1880?
2, 5, 47
What are the prime factors of 100298?
2, 11, 47, 97
List the prime factors of 546.
2, 3, 7, 13
List the prime factors of 27821.
43, 647
List the prime factors of 5933.
17, 349
List the prime factors of 53549.
53549
What are the prime factors of 1722?
2, 3, 7, 41
List the prime factors of 7840.
2, 5, 7
What are the prime factors of 133?
7, 19
What are the prime factors of 85611?
3, 28537
What are the prime factors of 179?
179
What are the prime factors of 1137?
3, 379
What are the prime factors of 6195?
3, 5, 7, 59
What are the prime factors of 33922?
2, 7, 2423
List the prime factors of 1872.
2, 3, 13
List the prime factors of 21914.
2, 10957
List the prime factors of 3988.
2, 997
List the prime factors of 25096.
2, 3137
What are the prime factors of 15691?
13, 17, 71
What are the prime factors of 2320?
2, 5, 29
What are the prime factors of 663?
3, 13, 17
What are the prime factors of 81297?
3, 3011
What are the prime factors of 3440?
2, 5, 43
List the prime factors of 86479.
17, 5087
What are the prime factors of 1149?
3, 383
What are the prime factors of 1604?
2, 401
List the prime factors of 632.
2, 79
What are the prime factors of 142751?
7, 20393
List the prime factors of 5683.
5683
List the prime factors of 1901.
1901
List the prime factors of 490.
2, 5, 7
List the prime factors of 73138.
2, 13, 29, 97
What are the prime factors of 14162?
2, 73, 97
List the prime factors of 3601.
13, 277
What are the prime factors of 1661?
11, 151
What are the prime factors of 11937?
3, 23, 173
What are the prime factors of 8309?
7, 1187
What are the prime factors of 22?
2, 11
What are the prime factors of 1887?
3, 17, 37
What are the prime factors of 716?
2, 179
What are the prime factors of 14469?
3, 7, 13, 53
List the prime factors of 23708.
2, 5927
List the prime factors of 113142.
2, 3, 109, 173
What are the prime factors of 48787?
48787
List the prime factors of 635.
5, 127
List the prime factors of 159.
3, 53
What are the prime factors of 2410?
2, 5, 241
List the prime factors of 29911.
7, 4273
What are the prime factors of 91323?
3, 73, 139
What are the prime factors of 6289?
19, 331
What are the prime factors of 93587?
13, 23, 313
List the prime factors of 1642.
2, 821
What are the prime factors of 4225?
5, 13
List the prime factors of 1320.
2, 3, 5, 11
List the prime factors of 16170.
2, 3, 5, 7, 11
List the prime factors of 13328.
2, 7, 17
What are the prime factors of 21135?
3, 5, 1409
What are the prime factors of 12099?
3, 37, 109
List the prime factors of 327.
3, 109
List the prime factors of 1363.
29, 47
List the prime factors of 1372.
2, 7
What are the prime factors of 33?
3, 11
List the prime factors of 4580.
2, 5, 229
What are the prime factors of 34605?
3, 5, 769
List the prime factors of 83231.
83231
What are the prime factors of 11114?
2, 5557
List the prime factors of 2565.
3, 5, 19
What are the prime factors of 5692?
2, 1423
List the prime factors of 32021.
11, 41, 71
What are the prime factors of 1909?
23, 83
What are the prime factors of 89973?
3, 13, 769
List the prime factors of 11009.
101, 109
List the prime factors of 23018.
2, 17, 677
List the prime factors of 648.
2, 3
List the prime factors of 51632.
2, 7, 461
List the prime factors of 1065.
3, 5, 71
List the prime factors of 28022.
2, 14011
List the prime factors of 70585.
5, 19, 743
List the prime factors of 4081.
7, 11, 53
List the prime factors of 45188.
2, 11, 13, 79
List the prime factors of 180289.
180289
What are the prime factors of 401?
401
What are the prime factors of 56216?
2, 7027
What are the prime factors of 62379?
3, 29, 239
What are the prime factors of 4934?
2, 2467
What are the prime factors of 628?
2, 157
List the prime factors of 10412.
2, 19, 137
What are the prime factors of 550?
2, 5, 11
List the prime factors of 164.
2, 41
What are the prime factors of 15637?
19, 823
List the prime factors of 24023.
24023
What are the prime factors of 540?
2, 3, 5
What are the prime factors of 27345?
3, 5, 1823
What are the prime factors of 14682?
2, 3, 2447
What are the prime factors of 58?
2, 29
List the prime factors of 39037.
103, 379
List the prime factors of 11353.
11353
What are the prime factors of 7560?
2, 3, 5, 7
What are the prime factors of 239?
239
What are the prime factors of 20797?
7, 2971
List the prime factors of 2978.
2, 1489
What are the prime factors of 2815?
5, 563
List the prime factors of 14911.
13, 31, 37
What are the prime factors of 286?
2, 11, 13
List the prime factors of 4577.
23, 199
What are the prime factors of 22451?
11, 13, 157
List the prime factors of 141.
3, 47
List the prime factors of 18885.
3, 5, 1259
List the prime factors of 8998.
2, 11, 409
List the prime factors of 6264.
2, 3, 29
What are the prime factors of 1102?
2, 19, 29
List the prime factors of 14412.
2, 3, 1201
What are the prime factors of 19776?
2, 3, 103
What are the prime factors of 19086?
2, 3, 3181
What are the prime factors of 6788?
2, 1697
What are the prime factors of 1020?
2, 3, 5, 17
What are the prime factors of 17397?
3, 1933
What are the prime factors of 3526?
2, 41, 43
What are the prime factors of 28?
2, 7
What are the prime factors of 26294?
2, 13147
What are the prime factors of 963?
3, 107
List the prime factors of 3139.
43, 73
List the prime factors of 2861.
2861
List the prime factors of 40729.
13, 241
What are the prime factors of 695?
5, 139
What are the prime factors of 1943?
29, 67
List the prime factors of 26410.
2, 5, 19, 139
List the prime factors of 397.
397
What are the prime factors of 20013?
3, 7, 953
What are the prime factors of 33512?
2, 59, 71
What are the prime factors of 384?
2, 3
List the prime factors of 316.
2, 79
What are the prime factors of 151?
151
What are the prime factors of 3989?
3989
List the prime factors of 1309.
7, 11, 17
List the prime factors of 1717.
17, 101
What are the prime factors of 42914?
2, 43, 499
What are the prime factors of 74101?
74101
What are the prime factors of 75422?
2, 43, 877
List the prime factors of 99229.
13, 17, 449
What are the prime factors of 21439?
11, 1949
What are the prime factors of 18723?
3, 79
List the prime factors of 1428.
2, 3, 7, 17
What are the prime factors of 44961?
3, 7, 2141
List the prime factors of 6382.
2, 3191
What are the prime factors of 25746?
2, 3, 7, 613
What are the prime factors of 5056?
2, 79
What are the prime factors of 47051?
47051
What are the prime factors of 5637?
3, 1879
What are the prime factors of 14762?
2, 11, 61
List the prime factors of 2059.
29, 71
What are the prime factors of 3994?
2, 1997
List the prime factors of 19276.
2, 61, 79
What are the prime factors of 12360?
2, 3, 5, 103
What are the prime factors of 344?
2, 43
List the prime factors of 18955.
5, 17, 223
What are the prime factors of 18082?
2, 9041
List the prime factors of 796.
2, 199
List the prime factors of 5007.
3, 1669
List the prime factors of 1152.
2, 3
What are the prime factors of 16563?
3, 5521
What are the prime factors of 944?
2, 59
List the prime factors of 65.
5, 13
List the prime factors of 14077.
7, 2011
List the prime factors of 21294.
2, 3, 7, 13
What are the prime factors of 75929?
7, 10847
What are the prime factors of 29228?
2, 7307
List the prime factors of 74834.
2, 17, 31, 71
List the prime factors of 1044.
2, 3, 29
What are the prime factors of 77410?
2, 5, 7741
What are the prime factors of 34462?
2, 17231
List the prime factors of 13191.
3, 4397
List the prime factors of 1104.
2, 3, 23
What are the prime factors of 21440?
2, 5, 67
What are the prime factors of 5909?
19, 311
List the prime factors of 610.
2, 5, 61
List the prime factors of 34523.
19, 23, 79
What are the prime factors of 515?
5, 103
List the prime factors of 22404.
2, 3, 1867
List the prime factors of 926.
2, 463
What are the prime factors of 4878?
2, 3, 271
What are the prime factors of 2754?
2, 3, 17
What are the prime factors of 186679?
186679
List the prime factors of 19105.
5, 3821
List the prime factors of 51148.
2, 19, 673
List the prime factors of 1084.
2, 271
What are the prime factors of 111983?
113, 991
What are the prime factors of 102385?
5, 20477
List the prime f